 the remainder when 115235 is divided by 3387?
77
What is the remainder when 905856 is divided by 100650?
6
Calculate the remainder when 152303337 is divided by 581.
578
Calculate the remainder when 3155539 is divided by 197190.
499
What is the remainder when 33137625 is divided by 752?
745
What is the remainder when 6071859 is divided by 54?
45
Calculate the remainder when 50201 is divided by 15775.
2876
Calculate the remainder when 2486558 is divided by 2.
0
What is the remainder when 7116876 is divided by 1360?
1356
What is the remainder when 28381 is divided by 528?
397
What is the remainder when 425227216 is divided by 433?
432
What is the remainder when 1411268 is divided by 9?
5
Calculate the remainder when 19608897 is divided by 81.
12
Calculate the remainder when 706922 is divided by 3051.
2141
What is the remainder when 181446 is divided by 26?
18
What is the remainder when 545154 is divided by 27?
24
What is the remainder when 146141 is divided by 297?
17
Calculate the remainder when 14860734 is divided by 1630.
24
Calculate the remainder when 1072045 is divided by 1300.
845
What is the remainder when 129345067 is divided by 1757?
1755
What is the remainder when 19037209 is divided by 362?
353
Calculate the remainder when 15051097 is divided by 67.
16
What is the remainder when 4496463 is divided by 8714?
39
What is the remainder when 318242 is divided by 158999?
244
What is the remainder when 309429 is divided by 90?
9
What is the remainder when 662642 is divided by 9610?
9162
What is the remainder when 21416158 is divided by 160?
158
What is the remainder when 13002 is divided by 2662?
2354
Calculate the remainder when 229780 is divided by 205.
180
Calculate the remainder when 6214065 is divided by 2071339.
48
Calculate the remainder when 3329192 is divided by 53.
50
What is the remainder when 792721 is divided by 479?
455
Calculate the remainder when 22915605 is divided by 66.
9
Calculate the remainder when 2256767 is divided by 96.
95
What is the remainder when 95119 is divided by 7724?
2431
What is the remainder when 11493434 is divided by 5861?
13
What is the remainder when 375222 is divided by 29?
20
What is the remainder when 154912 is divided by 2496?
160
What is the remainder when 29748 is divided by 29714?
34
What is the remainder when 508369 is divided by 169247?
628
What is the remainder when 337394 is divided by 42174?
2
Calculate the remainder when 5119448 is divided by 234.
230
Calculate the remainder when 4353423 is divided by 964.
963
What is the remainder when 1767979 is divided by 494?
447
What is the remainder when 14638042 is divided by 2927608?
2
Calculate the remainder when 451025 is divided by 771.
761
Calculate the remainder when 1031796 is divided by 68781.
81
Calculate the remainder when 4562011 is divided by 69121.
25
Calculate the remainder when 100047 is divided by 9994.
107
Calculate the remainder when 19559044 is divided by 338.
336
What is the remainder when 11801616 is divided by 8364?
12
What is the remainder when 30269407 is divided by 1210776?
7
What is the remainder when 340046 is divided by 340000?
46
What is the remainder when 5389014 is divided by 1796336?
6
What is the remainder when 173487663 is divided by 14?
13
Calculate the remainder when 325244 is divided by 81296.
60
What is the remainder when 11929600 is divided by 78?
46
Calculate the remainder when 3939440 is divided by 1313141.
17
What is the remainder when 14620219 is divided by 504145?
14
Calculate the remainder when 3205210 is divided by 1396.
1390
Calculate the remainder when 993640 is divided by 3890.
1690
Calculate the remainder when 67946832 is divided by 15.
12
Calculate the remainder when 5468382 is divided by 1806.
1620
Calculate the remainder when 37312119 is divided by 10.
9
Calculate the remainder when 2588760 is divided by 517751.
5
What is the remainder when 81541721 is divided by 9060191?
2
What is the remainder when 1536941 is divided by 8?
5
What is the remainder when 1977782 is divided by 48?
38
Calculate the remainder when 1348147 is divided by 17.
13
Calculate the remainder when 144360 is divided by 3511.
409
What is the remainder when 1572767 is divided by 288?
287
Calculate the remainder when 13124603 is divided by 13124596.
7
What is the remainder when 65118980 is divided by 10?
0
Calculate the remainder when 1027058 is divided by 4648.
4498
Calculate the remainder when 4353389 is divided by 1088345.
9
Calculate the remainder when 1083688 is divided by 100.
88
What is the remainder when 39441808 is divided by 32409?
55
What is the remainder when 102087 is divided by 1249?
918
What is the remainder when 23219 is divided by 890?
79
Calculate the remainder when 13045980 is divided by 269.
18
What is the remainder when 51286236 is divided by 189949?
6
Calculate the remainder when 154741155 is divided by 14.
9
What is the remainder when 756158558 is divided by 20?
18
What is the remainder when 279412371 is divided by 4?
3
Calculate the remainder when 4524304 is divided by 3389.
3378
What is the remainder when 373233 is divided by 1596?
1365
Calculate the remainder when 272699 is divided by 5083.
3300
Calculate the remainder when 1657767 is divided by 10233.
21
What is the remainder when 41903556 is divided by 2460?
2376
What is the remainder when 257382331 is divided by 235?
226
What is the remainder when 316544 is divided by 444?
416
Calculate the remainder when 1466861 is divided by 1401.
14
What is the remainder when 10128441 is divided by 3534?
3531
What is the remainder when 857616 is divided by 27649?
497
What is the remainder when 280501 is divided by 651?
571
Calculate the remainder when 498221 is divided by 200.
21
What is the remainder when 98318 is divided by 1694?
66
What is the remainder when 22690511 is divided by 750?
11
Calculate the remainder when 35369333 is divided by 91.
90
What is the remainder when 34504969 is divided by 18?
13
What is the remainder when 40832940 is divided by 14?
8
Calculate the remainder when 96924 is divided by 363.
3
Calculate the remainder when 88967 is divided by 544.
295
Calculate the remainder when 646640 is divided by 2032.
464
Calculate the remainder when 247235619 is divided by 6825.
6819
What is the remainder when 6234997 is divided by 430?
427
What is the remainder when 24704411 is divided by 52?
43
Calculate the remainder when 20499 is divided by 952.
507
Calculate the remainder when 1923088 is divided by 384616.
8
What is the remainder when 5855 is divided by 1311?
611
What is the remainder when 63726687 is divided by 9434?
17
What is the remainder when 312993 is divided by 101663?
8004
Calculate the remainder when 3084891 is divided by 32472.
51
What is the remainder when 7541135 is divided by 1256821?
209
Calculate the remainder when 129924100 is divided by 759.
757
Calculate the remainder when 2274419 is divided by 15.
14
Calculate the remainder when 39387203 is divided by 8743.
8731
Calculate the remainder when 1117720 is divided by 5977.
21
What is the remainder when 1026775 is divided by 189?
127
Calculate the remainder when 41634 is divided by 10864.
9042
What is the remainder when 2342157 is divided by 1170974?
209
Calculate the remainder when 856211 is divided by 107026.
3
What is the remainder when 70076626 is divided by 939?
934
Calculate the remainder when 5492044 is divided by 422453.
155
What is the remainder when 9655856 is divided by 1168?
0
What is the remainder when 139657123 is divided by 475?
473
What is the remainder when 974702 is divided by 6169?
0
Calculate the remainder when 115601606 is divided by 6.
2
Calculate the remainder when 3352292 is divided by 1036.
832
What is the remainder when 1507334 is divided by 1507283?
51
What is the remainder when 214939 is divided by 19?
11
What is the remainder when 9520286 is divided by 3481?
3232
Calculate the remainder when 3336129 is divided by 180.
9
What is the remainder when 10602763 is divided by 186013?
22
Calculate the remainder when 1204052 is divided by 75238.
244
Calculate the remainder when 1291277 is divided by 4.
1
What is the remainder when 42978974 is divided by 217?
171
Calculate the remainder when 2804328 is divided by 311591.
9
Calculate the remainder when 256694 is divid